 11 and i.
11
Let w(q) = q**2 + 27*q + 144. Let v be w(-20). Calculate the highest common divisor of 80 and v.
4
Suppose 6*m - 4*m = 8. Suppose 54 = -5*l + 484. Suppose -m*o + l = -222. What is the highest common divisor of o and 7?
7
Let u(t) = t + 9. Let y be u(-6). Suppose y*m = 3*a + 102 - 315, 5*a - 373 = -m. What is the greatest common divisor of a and 37?
37
Suppose -6 = 2*a - 14. Suppose 17 = -a*h + 5*h. Suppose -4*i + 4*y - 166 = -6*i, -5*y = 2*i - 165. What is the highest common factor of h and i?
17
Suppose 0 = -13*f + 12*f + 31. Let t = f - -25. Let q = 16 + -8. What is the greatest common divisor of t and q?
8
Suppose 2*n = -3*o - 5, -3*n + 13*o - 3 = 16*o. What is the highest common factor of 1 and n?
1
Suppose 0 = 2*b + 2*n - 78, -2*b + 113 = b + 4*n. Let i = b - 17. Suppose -q + 115 = -171. What is the greatest common factor of q and i?
26
Let s be 2*1/((-4)/6). Let z be 26/6 + (-2)/s. Suppose -13 = 13*f - 26. What is the highest common factor of z and f?
1
Let g be -1 + 28 + -1*2. Let t = g + -4. Suppose 3*s - 3*k = t, -3*k = 7*s - 3*s - 35. What is the highest common divisor of s and 12?
4
Let l be ((-32)/(-128))/(1/180). What is the highest common factor of l and 165?
15
Suppose 10*b - 3*b - 420 = 0. What is the highest common divisor of b and 160?
20
Let d(m) be the third derivative of -m**4/2 - m**3/3 - 23*m**2. Let f be d(-6). What is the highest common divisor of 28 and f?
14
Let a(k) be the second derivative of k**4/3 + 2*k**2 + 11*k. Let w be a(3). What is the greatest common factor of w and 8?
8
Suppose -4*c = -0*c - 8. Suppose -3*r + 0*r + c*t = -11, 2*t - 4 = 0. Let y = 55 - 15. What is the greatest common factor of y and r?
5
Suppose 6*p - 119 + 89 = 0. What is the highest common divisor of 15 and p?
5
Suppose w - 21 = -0*y - 3*y, -105 = -5*w - 4*y. Let h be (-86)/(-7) - 3*2/w. Calculate the greatest common factor of 12 and h.
12
Let s be (12/(-9))/((-4)/78). Suppose 5*z = 2*l - s, -1 = 2*z + l + 4. Let b = z + 19. Calculate the greatest common divisor of b and 15.
15
Let h be 0 + 0 + -4 - (7 + -261). Calculate the highest common divisor of h and 50.
50
Let j(i) = -i**3 + 9*i**2 + 12*i + 24. Let x be j(9). What is the highest common divisor of x and 6?
6
Suppose -2 = -i - 7. Let p(m) = m**2 + 4*m - 1. Let z be p(i). Let k be ((-160)/z)/(1*-1). What is the highest common factor of 10 and k?
10
Let w(l) = l - 29. Let n(r) = 4*r - 146. Let b(f) = -3*n(f) + 16*w(f). Let p be b(13). What is the greatest common divisor of p and 13?
13
Let u(l) = -3*l. Let f be u(-2). Suppose -36 = 4*p - 72. What is the highest common factor of f and p?
3
Let g be (0 - 16/(-5))*(-35)/7. Let d = g + 28. What is the highest common factor of d and 132?
12
Suppose 4*b - 188 = -2*y, 3*b - b + 4*y - 106 = 0. Let r be -1*(2 - 1) - -4. Suppose -45 = -8*a + r*a. What is the highest common factor of a and b?
9
Suppose 18 = 4*a + 2. Suppose 0 = -5*p + f + 80, 6*f - 2*f + 80 = a*p. Suppose -2*x + 24 = n - 3*n, 4*n = -8. What is the highest common factor of p and x?
5
Suppose 0 = -91*s + 88*s + 42. Let d(r) = r**3 - 13*r**2 - 10*r - 16. Let t be d(s). What is the greatest common divisor of t and 360?
40
Let f be 1 - 1/2*-2. Suppose -f*t + 5*p + 23 = 0, 0 = p - 1 - 4. Let q = -269 + 275. Calculate the highest common divisor of q and t.
6
Suppose -x = -n - 125, 2*n - 266 = -4*x + 234. What is the highest common factor of x and 2?
1
Let s(f) = f. Let n be s(14). Suppose -i + n = -28. What is the greatest common factor of i and 7?
7
Suppose 11*s = -11*s + 88. Calculate the highest common factor of 148 and s.
4
Let s(g) = -179*g**3 + 1. Let n be s(-1). Suppose t + 1 + n = -2*x, 0 = -2*x - 6. Let d = t - -275. Calculate the greatest common factor of 20 and d.
20
Suppose -151 = -3*n - 4*x, -2*n - 5*x = -2*x - 102. Suppose 0 = -4*z + 93 - 51 + 198. Calculate the highest common divisor of n and z.
15
Let w = -219 - -222. Suppose -99 = -3*u - 36. Calculate the greatest common factor of w and u.
3
Let b be (0 + 27/12)*16. Let j = b - 34. Calculate the highest common divisor of j and 1.
1
Suppose -68 = -2*n - 33*v + 28*v, 4*v = 5*n - 137. Calculate the greatest common divisor of n and 29.
29
Let b(s) = -s + 13. Let i be b(-6). Suppose -2*j + v + i = 0, 6*v = v + 15. Calculate the highest common factor of j and 1.
1
Suppose 0 = d - 152 - 23. What is the greatest common factor of d and 7?
7
Let r(b) = -3*b - 13. Let x be r(-6). Suppose -x = -z + 8. Calculate the highest common factor of z and 104.
13
Suppose -24*h + 514 = -254. Calculate the highest common divisor of 312 and h.
8
Suppose -2*s + 7*r = 4*r + 8, 4*s - 3*r + 4 = 0. Suppose -2*m - 4 - s = 0. Let c be (-1 + -2)*-35 - m. What is the highest common factor of c and 12?
12
Suppose 5*q = -2*v + 30, -2*v + 5*q + 64 + 6 = 0. Let c = -2 - -7. Calculate the highest common factor of c and v.
5
Suppose 5*p + 1207 = 4*d + 400, -4*p + 20 = 0. Calculate the highest common divisor of 26 and d.
26
Let b = 16 + -9. Let j be (-92 - 1)/(12/24). Let c = -109 - j. Calculate the highest common factor of c and b.
7
Let q be (10 - 3)*1*2. Let a(b) = b**3 + 9*b**2 - b - 5. Let k be a(-9). Let y(f) = 6*f + 4. Let d be y(k). What is the greatest common divisor of q and d?
14
Suppose -24 = -l + 3*v, 0 = -2*l - l - 2*v + 28. Calculate the greatest common divisor of l and 268.
4
Let w = 2 - 0. Let z(m) = -m**2 - 18*m - 63. Let f be z(-7). Calculate the greatest common divisor of f and w.
2
Suppose -19*d + 478 - 79 = 0. What is the greatest common factor of 861 and d?
21
Suppose -375*b + 24735 = -358*b. What is the highest common factor of 15 and b?
15
Let d be -6*20/(-12) + -1. Let x(i) = i**3 - 8*i**2 - 5*i - 13. Let c be x(d). Suppose -3*a + 69 = -0*a. Calculate the highest common factor of a and c.
23
Let m = 30 + -20. Let r(s) = 2*s**2 + 19*s + 37. Let u be r(-11). Calculate the greatest common factor of m and u.
10
Let f(s) = 13*s**3 - 6*s**2 - 5*s + 6. Let p be f(3). Calculate the highest common divisor of p and 18.
18
Suppose 2*g - 4*v - 246 = 0, 5*v - 615 = -5*g - 0*v. Calculate the highest common factor of g and 205.
41
Let z(k) = -34*k + 251. Let j be z(7). Suppose -5*x + 110 = -5*m, 124 = 4*x - 0*x + 5*m. What is the highest common factor of j and x?
13
Let j(z) = 2*z**2 - 8*z - 7*z**2 + 4*z**2 + 1. Let n be j(-4). Calculate the greatest common divisor of n and 68.
17
Let p = -15 - -182. Let i = p + -91. Calculate the highest common factor of 19 and i.
19
Suppose -3*y + 909 = -195. What is the greatest common divisor of 64 and y?
16
Let j be (-12)/(-1 + 0/(-2)). Suppose -5*t - j = -2*t. Let q be 2*(t + 0 - -9). What is the highest common divisor of q and 10?
10
Suppose 39*c = -2167 + 11293. What is the greatest common divisor of c and 26?
26
Let x(k) = 308*k**3 + k**2 - 2*k + 1. Let g be x(1). Let z be (-16 + 23)/(3/12). What is the greatest common divisor of z and g?
28
Let b be -18 - (-12)/(-3) - 4. Let j = 36 + b. What is the highest common divisor of 110 and j?
10
Let j be 20 - (10 + -10)/8. Suppose r - 178 = 4*p, 0*p = 3*p - 6. Let q = -86 + r. What is the greatest common factor of q and j?
20
Suppose 0 = -18*h + 22*h - 540. What is the greatest common factor of h and 30?
15
Suppose 22*w - 23*w = -3*g - 125, -300 = -2*w - 4*g. Calculate the highest common divisor of 20 and w.
20
Let o be ((-42)/(-15))/((-155)/(-75) - 2). Calculate the highest common factor of 49 and o.
7
Let c = -114 - -116. What is the highest common factor of c and 16?
2
Let b be 81*(-36)/(-24)*6. Calculate the highest common divisor of 18 and b.
9
Let q(w) = w**2 + w + 21. Let z be q(13). Calculate the highest common divisor of z and 7.
7
Suppose 8*q + 390 = 23*q. What is the highest common factor of q and 2?
2
Suppose -3*v + n + 123 = -2*n, 0 = n - 1. Suppose -3*d + 315 = 5*i, -3*d + 2*i = -8*d + 525. Calculate the greatest common factor of d and v.
21
Let z be (3/(24/(-20)))/((-1)/(-108)). Let q be (48/(-18))/(3/z). Calculate the highest common factor of 30 and q.
30
Suppose 0 = -18*s - 301 + 3055. What is the greatest common divisor of s and 17?
17
Suppose 0 = 3*b - 12, 5*g - 4*b - 1128 = -109. What is the highest common divisor of 23 and g?
23
Suppose -10*a + 418 = -1062. What is the highest common divisor of a and 4?
4
Suppose -c = 5*x - 